 + 104484 + 239072. Is x a composite number?
False
Let g(b) = b**3 - 26*b**2 + 20*b - 39. Let y = 109 - 107. Let f be (4 - (5 - 5))/(y/13). Is g(f) a composite number?
True
Suppose 0 = -125*j + 3077279 + 303096. Is j prime?
True
Suppose -2*p - 2*p + 44 = 0. Let s(h) = -h**3 + 11*h**2 - h + 15. Let l be s(p). Suppose 4*v + 5*d - 2648 = 0, 4*d = -l*v - 203 + 2855. Is v a composite number?
True
Is (318/(-12) - -26)*4/(-6)*1378821 a prime number?
True
Let t = -67 + 37. Let w be ((-243)/(-4))/(t/(-80)). Let b = w + -85. Is b a prime number?
False
Is -2*4/(-20) + 354732246/410 prime?
True
Let v(u) = 3*u - 13. Let d be 0/(-3) - 2 - -6. Let l be v(d). Is ((-596)/(-16))/(1/(-4)*l) prime?
True
Let j(s) = -1537*s + 1483. Is j(-40) composite?
True
Let r(c) = -2*c**2 + c - 1. Let x(t) = -2*t**3 - 11*t**2 - 12*t - 44. Let y(n) = 3*r(n) + x(n). Is y(-18) a composite number?
False
Let g(a) = 3357*a + 686. Is g(33) a composite number?
False
Suppose 5*o - 20575 = -3*d, 2*o - 4*d + 2112 - 10342 = 0. Let q = o - 234. Is q composite?
False
Suppose 0 = 44*s - 46*s + 424. Suppose -58*a - s = -62*a. Is a a composite number?
False
Suppose -11 = -2*u + 13. Let k be (8/u)/(4/438). Let v = 234 + k. Is v prime?
True
Is 1*((-111750077)/(-215) + 3*(-4)/(-10)) a composite number?
False
Let g(b) be the first derivative of 17/4*b**4 + 1/2*b**2 - 15 + 2/3*b**3 - b. Is g(2) a composite number?
True
Let q = 254 - 554. Let u be (-27)/(-21) + -1 - q/28. Suppose -6815 - 170 = -u*t. Is t a composite number?
True
Let x(t) = 106*t**2 + 44*t + 1773. Is x(-52) a composite number?
True
Suppose 2*z + 3 - 6 = -5*i, -4*i = -2*z - 6. Let l(m) = 3*m**3 - 5*m**2 - 364*m + i + 12*m**3 + 366*m. Is l(4) prime?
False
Let c(s) = -2*s - 1. Let v be c(-8). Let y be (-6)/v*1*(3 + 2). Is (-4)/6*4083/y a prime number?
True
Suppose 0 = 3*h - 11556 - 35187. Is h prime?
True
Suppose 23*v = 21*v - 3*d + 703481, 2*v - 703488 = -2*d. Is v composite?
False
Let y be 4*(-6)/36*30/(-4). Suppose 11*m = 16*m + y. Is (m + (-826)/(-8))/(10/40) composite?
False
Suppose 37 - 3182 = -5*o. Let x = 672 - o. Is x a prime number?
True
Let p(j) = -15 - 13*j**2 - 151*j**3 + 36*j**2 - 16*j + 79*j**3 + 73*j**3. Is p(-9) composite?
True
Let p be (36096/(-480))/(1/(-35)). Suppose 7*n = -p + 10451. Is n composite?
False
Suppose 855*z - 3974729 = 734*z. Is z prime?
False
Let r be (-12)/9*-10 - 4/(-6). Suppose -5*k + d = 2 + 12, -2*d - r = 4*k. Is k/((-6)/1334) - (3 - 3) prime?
False
Suppose -51267 = -t - 5*r, -11*t + 16*t = 4*r + 256219. Suppose -56*s = -63*s + t. Is s prime?
True
Let j(q) = -6*q - 3. Let i(c) = -6*c - 4. Let p(k) = 6*i(k) - 5*j(k). Let d be p(-3). Suppose 4*g = d*g - 745. Is g a composite number?
False
Suppose -4*t - 39563 = -4*c + 9*c, t - 2*c + 9894 = 0. Let i = -6813 - t. Is i prime?
True
Let s(j) = -10911*j + 922. Is s(-7) prime?
False
Let w = -2580 - -10836. Let l = -3830 + w. Is l composite?
True
Let f be (145/58)/(2/4). Let h be (5 - f)/(-4) - 8. Is ((-514)/h)/((-6)/(-432)*6) prime?
False
Let s(t) = t**2 - 4*t - 61. Let f be s(-6). Is f - -10*(-5736)/(-8) a composite number?
True
Is 1105707/15 - (12/20)/(18/24) a prime number?
False
Suppose -r + 480 = -4*a, -2*r - 379 = 3*a + 2*r. Let d = -152 - 168. Let n = a - d. Is n a prime number?
True
Suppose 16476673 = 30*b - 7396157. Is b a prime number?
True
Let r = -230 + 230. Suppose 0 = 5*j + 10, r*x + j - 6803 = -5*x. Is x a prime number?
True
Suppose -5*r = -7*r + 547602 + 264316. Is r composite?
False
Let v be -54 - ((-8)/(-6))/(3/9). Let d = -60 - v. Let x(u) = -375*u + 17. Is x(d) a prime number?
False
Suppose 19*j - 2*v = 17*j - 2572, -3*j + 2*v = 3855. Let u = j - -3820. Is u a prime number?
False
Let w(i) = -6666*i - 695. Is w(-23) a composite number?
False
Let p(k) = -k**3 - 18*k**2 + 23*k + 78. Let g be p(-19). Is ((-2)/2)/((g + -4)/18394) a composite number?
True
Suppose 2*k + 34 = 4*i, -i + 17 = -4*k - 9. Suppose -72*a = -224 - 136. Suppose i*g = a*g + 1249. Is g composite?
False
Let r(i) = 292*i + 275. Let v(x) = 6. Let u(j) = r(j) + v(j). Is u(29) composite?
True
Suppose -12 = -5*b + 4*x + 68, x - 5 = 0. Let c be (b/24)/((-2)/(-12)). Suppose 0 = -c*h + 4*z + 1505, 0 = 9*h - 5*h - 2*z - 1204. Is h composite?
True
Let v = 2458 + -3602. Let x = 3647 + v. Is x a composite number?
False
Suppose -23*l + 15718 = -30*l + 715865. Is l composite?
True
Let o(q) = 869*q**2 + 4*q - 16. Let f(a) = a**2 + 10*a + 27. Let s be f(-6). Is o(s) a composite number?
False
Let v(g) = 4*g - 6. Let s be v(2). Suppose 126 = s*f - 160. Is f prime?
False
Let w(i) be the third derivative of -i**6/120 + i**5/15 - 13*i**3/3 + i**2 + 7. Is w(-9) a composite number?
True
Let v = -1210046 - -2524431. Is v composite?
True
Let s(f) = 3*f**2 - 3*f - 5. Suppose -13*r + 12*r = -4. Suppose -r*i - 6 = -5*i. Is s(i) a composite number?
True
Let p(w) = -w - 4. Let g be p(-6). Suppose -g*h = -1042 - 1256. Suppose 3*j - h = 222. Is j a composite number?
False
Suppose 32425 + 90014 = 2*c - 16495. Is c a prime number?
True
Let d = -44 + 44. Suppose 2*s - 3*f = -5*f + 8, d = -s + 3*f. Suppose -b + 2*q + 2381 = 0, 5*b = -q - s*q + 11975. Is b prime?
False
Let q(y) = 136*y - 40. Let h be q(25). Suppose -p = 5*g + 4*p - h, g = -5*p + 652. Suppose -4*b + g = -279. Is b composite?
False
Let r = 1 + 0. Let f be (-20)/14 + -5 + 310/70. Is (-1)/r + (-8080)/f composite?
True
Let a(r) be the first derivative of 19*r**3 - 13*r**2/2 + 79*r - 36. Is a(6) a composite number?
False
Let i(s) = 348*s**2 + 175*s - 618. Is i(-59) a prime number?
False
Suppose d = 3, 80652 - 17490 = 3*a - 5*d. Is a a composite number?
False
Suppose -3*j - 5*q - 5 + 69 = 0, j + 3*q - 28 = 0. Is (-67016)/(-13) + (-1)/j prime?
False
Let b(q) = q + 14. Let w = -76 - -65. Let p be b(w). Suppose 4*m = -0*m, -4*n = -p*m - 4532. Is n a prime number?
False
Let w = 116917 + -36950. Is w a composite number?
False
Suppose 0 = 5*n - 3*g - 9, -4*n + 5*g - 9*g + 20 = 0. Suppose -82866 = -18*i - n*i. Is i a prime number?
False
Suppose -283*c - 351815 = -300*c. Is c composite?
True
Let n(d) = 286*d**2 + 12*d - 17. Let x(i) = -4*i + 18. Let l be x(4). Is n(l) prime?
True
Let w be 2/4 - (-1)/(-2). Let r be (-55 - -64)/((-30)/(-4))*(-6620)/(-3). Suppose -l + 9*l - r = w. Is l a composite number?
False
Suppose 3*c + c = -2*b + 47950, b - c = 23978. Is b prime?
True
Let q(m) be the third derivative of 43*m**5/60 + m**4/6 - 8*m**3/3 - m**2. Let k = 5553 - 5558. Is q(k) composite?
False
Let r(w) = -w**3 + 91*w**2 - 74*w - 121. Is r(63) a composite number?
False
Let z = 1648169 - 1018330. Is z a composite number?
True
Let h(x) = 23811*x + 272. Is h(3) prime?
False
Suppose 0 = 5*z - 10*z - 3*h + 53129, -5*z - 5*h = -53125. Is z a prime number?
True
Let u = 44 + -39. Suppose 0 = -u*t + 5, -g + t = -t - 3. Suppose 0 = -5*l + g*z - 6*z + 13048, l + z = 2612. Is l a composite number?
False
Suppose 879637 = 5*k - 2*g - 840840, 2*k + 5*g = 688156. Is k prime?
False
Suppose 13225 + 15638 = 9*n. Is n/((-152)/(-20) + -7) a prime number?
False
Let p = 209 - -576. Let h be (-1)/(7/(-6))*7. Suppose 4*u + f - 648 = 0, f - p = -5*u + h*f. Is u a prime number?
False
Let v(t) = t**2 + t - 1. Let w(y) = -y**3 + y**2 - 2*y + 5. Let c(l) = 2*v(l) + w(l). Let d be c(-6). Let r = -196 + d. Is r a composite number?
False
Is (-98847381)/(-844)*8/6 a composite number?
False
Suppose 6865 = h + 3*f, h - 5*h + 27515 = f. Let i(y) = -y**2 - 16*y - 3. Let k be i(-11). Suppose -4*r + k + h = 0. Is r a composite number?
False
Let h(t) be the second derivative of 37*t - 25/2*t**2 + 0 - 82/3*t**3. Is h(-4) composite?
False
Suppose -32843 = -4*i - 7*b, -i - 5*b = -533 - 7681. Is i composite?
False
Suppose 3*a - 20*b = -19*b + 2483700, b + 1655798 = 2*a. Is a prime?
False
Let q = 234012 + -33901. Is q a composite number?
True
Suppose 53*j - 10*j - 4035975 = 28*j. Is j composite?
True
Let o be 6*(-7 + 3)*(-5)/8. Suppose 5*t - o*i - 12088 = -14*i, 2*t - i = 4837. Is t composite?
False
Let a = -191 - -169. Is (1 - 2 - (a - -20))*631 composite?
False
Let u(j) = j**3 + 3*j**2 - 17. Let g be -57*(-5)/(-15) + (-6)/(-2). Let m be ((-196)/g)/7*4. Is u(m) prime?
False
Let h = -69242 + 117259. Is h a prime number?
True
Let p(u) = -330*u - 112. Let y(g) = 7*g - 19. Let t be y(0). Is p(t) a prime num